ate the greatest common divisor of t and 84.
21
Let w = 14 + 156. Calculate the highest common divisor of w and 10.
10
Suppose 2*t - 81 = -t. Suppose 0 = 11*l - 7*l + 4. Let n be 1*(-3 - l - -20). What is the highest common divisor of t and n?
9
Let z be (6/4)/(15/20). Suppose z*r - 8*r + 30 = 0. Calculate the greatest common factor of 55 and r.
5
Suppose -2*s + 233 = 3*i, -77 = 4*s + 2*i - 555. Suppose -4*z + 88 = -4. Suppose 21 = 4*h - z. Calculate the greatest common divisor of s and h.
11
Let n(d) = -2*d - 1. Let g(b) = -5*b - 4. Let m(a) = -3*g(a) + 8*n(a). Let o be m(2). Let h = 222 + -214. Calculate the highest common divisor of h and o.
2
Suppose 6*p + 36 = 7*p. Suppose -2*l = -2*k - 172, 5*l + 4*k - 707 = -241. What is the greatest common factor of l and p?
18
Let i be 4*(4 + 3 + -5). Let d(c) = -c**2 + 11*c - 3. Let l be d(i). What is the greatest common divisor of l and 14?
7
Let q(u) = -u + 18. Let z be q(6). Let y = 1 + 0. Suppose y + 251 = 3*w. Calculate the greatest common factor of z and w.
12
Let g(m) = m**3 + 7*m**2 + 4. Let b be g(-5). Suppose -4*a + 49 + b = w, 5*a = w - 67. Suppose w = 5*k - 113. Calculate the greatest common divisor of k and 4.
4
Let w = -11 - -21. Suppose -4*k - 2*d + w = 0, -3*d = -4*k - 7 + 42. What is the highest common factor of k and 20?
5
Suppose 4*p - 524 = -4*w, -5*p + 421 = -2*w - 262. What is the greatest common factor of 27 and p?
27
Let d(o) = 20*o - 6 - 4 + 12. Let c be d(2). Calculate the highest common divisor of 6 and c.
6
Let h = -2 + 8. Let t be 2/h - (-434)/21. Calculate the highest common divisor of 7 and t.
7
Suppose 3*u - 1 = r, 2*r - 3 = 3*u - 2. Calculate the highest common factor of 3 and r.
1
Let x(v) = -28*v + 8. Let u be x(-6). Let j = -15 - -15. Let c be (j + (-8)/(-10))*20. What is the highest common divisor of u and c?
16
Let d be 2/(-7) + (-86)/(-7). Let r = d + -3. Let t(s) = -50*s - 1. Let l be t(-2). Calculate the highest common factor of l and r.
9
Let r(f) = f**2 - 5*f + 3. Let n be r(5). Let s(x) = 4*x - 2. Let p be s(n). What is the highest common divisor of 15 and p?
5
Let r be 1/2*(6 + 24). Let b = -5 + 8. Calculate the greatest common divisor of r and b.
3
Let r = 5 - -31. Suppose 4*k = 2*j - 12, k - 2*j = -k - 8. Let f be (k/(-3))/((-3)/(-108)). What is the greatest common factor of r and f?
12
Suppose 5*h - 9 = -u + 228, -4*h + 4*u + 204 = 0. What is the highest common factor of 16 and h?
16
Suppose 793 = 15*s - 827. Calculate the highest common divisor of s and 4.
4
Suppose 0 = 4*m - m - 9. Suppose -b + 11 = -m. Calculate the greatest common divisor of 14 and b.
14
Let n = -24 + 16. Let l be (n/(-5))/((-4)/(-10)). What is the greatest common factor of l and 4?
4
Let w = 7 + 3. Suppose 0*c + 2 = c. Let i be 74/3 + c/6. Calculate the highest common factor of i and w.
5
Let h = 0 - -15. What is the highest common divisor of 90 and h?
15
Suppose -14 = -5*d - 4. Let z(k) = k**3 + 6*k**2 + 3*k - 4. Let x be z(-4). What is the highest common factor of x and d?
2
Let t(q) = q**3 + 5*q**2 + q + 5. Let h be t(-5). Let s be (2 + h)*1 + 13. What is the highest common factor of 6 and s?
3
Suppose 2*n - 6*n - 79 = -3*o, 3*n + 72 = -2*o. Let u = -39 - n. Let x = 31 + u. What is the greatest common factor of x and 35?
7
Let a(o) = 2*o**2 - 2*o + 1. Let r be a(1). What is the highest common factor of 1 and r?
1
Let y(i) = i**2 - 24. Let n be y(-8). Suppose -k + 6*k = 0. Suppose 5*t = -k*t + 50. What is the greatest common factor of t and n?
10
Let o(h) = -12*h**2 - 2*h + 1. Let s be o(1). Let n = 77 - s. Suppose -2*m - m + 30 = 0. Calculate the greatest common divisor of n and m.
10
Let w = -96 + 258. What is the greatest common divisor of w and 18?
18
Let f be 6*(400/6)/4. Suppose 3*g - f = g. Let p = -36 - -56. Calculate the highest common factor of p and g.
10
Let u be ((-36)/(-30))/(3/70). Suppose u + 14 = 3*z. Calculate the highest common divisor of z and 28.
14
Let v(f) = f**3 - 3*f**2 - 5*f + 4. Let w be v(4). Suppose 3*d + w*u + 5*u - 40 = 0, 16 = d - u. What is the greatest common factor of d and 3?
3
Let m(k) = -15*k + 9. Suppose 4*p + 6 = 3*p. Let g be m(p). What is the greatest common factor of 33 and g?
33
Suppose -2*o - 14 = 4*f, 5*f + 30 + 1 = 2*o. Suppose 0*z - 36 = -o*z. Suppose 6*t - 384 = 2*t. What is the highest common divisor of z and t?
12
Suppose -4*u = 58 - 10. Let o be u/8*(-10)/3. What is the greatest common factor of 5 and o?
5
Let b = -13 - -1. Let k = 30 + b. What is the greatest common factor of k and 9?
9
Let k(z) = z - 11. Let n be k(11). Suppose n = 2*a - 3*i + 6*i - 53, 4*a + 4*i - 96 = 0. What is the greatest common factor of 133 and a?
19
Let s(w) = -w**3 - 33*w**2 - 2*w - 41. Let p be s(-33). Let q = -7 - 1. Let i be 1 - (1 - 2) - q. Calculate the greatest common factor of p and i.
5
Let z(l) = l**2 - 3*l - 4. Let d be z(-8). Let k = -24 + d. What is the greatest common factor of 15 and k?
15
Let o = -5 - -8. Suppose 72 = -o*q + 4*q. What is the highest common factor of q and 9?
9
Let m(c) = -5*c**2 - 3*c - 2*c**2 + 8*c**2. Let s be m(7). Calculate the greatest common divisor of s and 4.
4
Let n be (3 + 3)*1/(-2). Let d = n + 8. What is the highest common factor of 2 and d?
1
Let n = -12 - -16. Suppose 4*r + 2 + 14 = 0, 3*i = 4*r + 28. Calculate the highest common divisor of n and i.
4
Suppose 161 + 21 = 7*i. Calculate the highest common factor of i and 234.
26
Let m(o) = -o**2 + 5*o - 2. Let t be m(3). Let v = 5 + -6. Let h = v - -5. Calculate the greatest common divisor of h and t.
4
Let q(z) = 53*z**2 + 9*z - 14. Let s be q(2). Calculate the greatest common factor of 24 and s.
24
Let n be (-12 + 0)*(-1)/(-2). Let d(h) = -h**3 - 5*h**2 + 6*h + 3. Let u be d(n). Calculate the greatest common divisor of 33 and u.
3
Let r(n) = n**3 + 4*n**2 + 4*n - 1. Let b be r(-3). Let d = 93 - 39. Let q be 744/d + b/(-18). Calculate the greatest common factor of q and 7.
7
Let v = -5 - -9. Let f(h) = -h**2 + 1. Let w(l) = -l**2 + 3*l - 1. Let g(x) = -3*f(x) + w(x). Let q be g(v). Calculate the greatest common factor of q and 16.
8
Suppose 8*p + 130 - 346 = 0. Calculate the highest common divisor of 18 and p.
9
Let p(s) = 7*s**2 + 3*s + 4. Suppose o + 16 = -3*o. Let x be p(o). Calculate the highest common divisor of 13 and x.
13
Let h(g) = -24*g**3 - g**2 + 1. Let u be h(-1). What is the greatest common divisor of 6 and u?
6
Let o = 13 - -92. Calculate the greatest common factor of o and 21.
21
Suppose 7*q - q - 96 = 0. Calculate the greatest common divisor of q and 4.
4
Let u be 2/(-4) + (-54)/(-4) + -1. Calculate the highest common factor of 12 and u.
12
Suppose -3*o - 3*k = -780, 0*o - 4*k + 512 = 2*o. Let d be ((-4)/3)/((-11)/o). What is the greatest common factor of d and 80?
16
Let h(l) = l**2 - 2*l + 15. Let v be h(-5). What is the highest common factor of 125 and v?
25
Let m(x) = 5*x**3 - 4*x**2 + 4*x - 2. Let y be m(2). Let z = y - 6. Let d(f) = 11*f**2 + f. Let i be d(1). What is the greatest common divisor of z and i?
12
Let h be 0 + 13 + 3 + -4. Suppose u - 25 = -d - 3*u, 2*u = -5*d + 53. Let l = 17 - d. What is the highest common factor of h and l?
4
Suppose 3*f = f + b + 574, 860 = 3*f - b. What is the highest common divisor of f and 26?
26
Suppose -6 = -a + 8. Suppose -3*s + 6 + 0 = 0, 0 = -w - s + 4. What is the greatest common factor of w and a?
2
Let z be 0 + (4 - 0 - -30). What is the greatest common factor of z and 51?
17
Let x = -531 - -891. Calculate the highest common factor of 40 and x.
40
Suppose 6 = 3*x, -n + 4 = -5*x - 10. What is the highest common factor of n and 36?
12
Let s(o) = o**3 - 3*o + 2. Let q be s(2). Let z = 6 - q. Let h be 47/z + (-6)/(-4). Calculate the highest common factor of h and 10.
5
Let l be (25/20)/(1/16). Let o = l - 8. What is the greatest common divisor of o and 84?
12
Suppose 0*t = -5*t - o + 115, 3*t - 2*o - 56 = 0. Suppose 5*f - f - 3*c - 50 = 0, 0 = 4*f - 2*c - 48. Calculate the greatest common divisor of f and t.
11
Suppose -5*d = -c - 11, -2 = -3*c - 5. Let z be d/(-11) + (-360)/(-44). What is the highest common divisor of 4 and z?
4
Let l(v) be the third derivative of -17*v**4/8 - v**3/6 + 4*v**2. Let w be l(-3). Calculate the greatest common divisor of w and 19.
19
Let j(f) = 3*f + 4. Suppos